{"id":2686,"date":"2019-12-03T09:52:54","date_gmt":"2019-12-03T08:52:54","guid":{"rendered":"https:\/\/pbellevue.libreedu.ovh\/productions\/wpcdi\/?page_id=2686"},"modified":"2019-12-03T09:52:57","modified_gmt":"2019-12-03T08:52:57","slug":"residence-mediatique-dans-la-cite-scolaire","status":"publish","type":"page","link":"https:\/\/pbellevue.libreedu.ovh\/productions\/wpcdi\/index.php\/residence-mediatique-dans-la-cite-scolaire\/","title":{"rendered":"R\u00e9sidence m\u00e9diatique dans la cit\u00e9 scolaire"},"content":{"rendered":"\n<p> 2 classes de 4\u00e8me et 2 classes de 2ndes (2nde4 et 9)  participent au projet FLUX propos\u00e9 par M\u00e9dia Tarn :<\/p>\n\n\n\n<p>Deux professionnels, <a href=\"https:\/\/alexiaeychenne.com\" target=\"_blank\" rel=\"noreferrer noopener\">Alexia Eychenne<\/a>, journaliste ind\u00e9pendante, membre du collectif \u00ab&nbsp;<a href=\"https:\/\/lesincorrigibles.fr\">Les incorrigibles<\/a>&nbsp;\u00bb et <a rel=\"noreferrer noopener\" href=\"https:\/\/www.babelio.com\/auteur\/Lilian-Coquillaud\/138646\" target=\"_blank\">Lilian Coquillaud<\/a>,\n dessinateur s\u2019installent pour quelques semaines dans le lyc\u00e9e pour \nexercer leur m\u00e9tier et produire un reportage dessin\u00e9 sur le territoire \nd\u2019Albi.<\/p>\n\n\n\n<p>La th\u00e9matique de travail commun aux professionnels et aux \u00e9l\u00e8ves : pratiques culturelles des adolescents et parcours citoyen.<\/p>\n\n\n\n<p>Les \u00e9l\u00e8ves de 2nde4 et 2nde9 ainsi que 2 classes de 4\u00e8me sont invit\u00e9s\n \u00e0 suivre la d\u00e9marche et seront eux-m\u00eames accompagn\u00e9s par les \nprofessionnels dans leur production. <\/p>\n","protected":false},"excerpt":{"rendered":"<p>2 classes de 4\u00e8me et 2 classes de 2ndes (2nde4 et 9) participent au projet FLUX propos\u00e9 par M\u00e9dia Tarn : Deux professionnels, Alexia Eychenne, journaliste ind\u00e9pendante, membre du collectif \u00ab&nbsp;Les incorrigibles&nbsp;\u00bb et Lilian Coquillaud, dessinateur s\u2019installent pour quelques semaines dans le lyc\u00e9e pour exercer leur m\u00e9tier et produire un reportage dessin\u00e9 sur le territoire [&hellip;]<\/p>\n","protected":false},"author":1,"featured_media":0,"parent":0,"menu_order":0,"comment_status":"closed","ping_status":"closed","template":"","meta":{"ngg_post_thumbnail":0},"blocksy_meta":{"styles_descriptor":{"styles":{"desktop":"","tablet":"","mobile":""},"google_fonts":[],"version":6}},"_links":{"self":[{"href":"https:\/\/pbellevue.libreedu.ovh\/productions\/wpcdi\/index.php\/wp-json\/wp\/v2\/pages\/2686"}],"collection":[{"href":"https:\/\/pbellevue.libreedu.ovh\/productions\/wpcdi\/index.php\/wp-json\/wp\/v2\/pages"}],"about":[{"href":"https:\/\/pbellevue.libreedu.ovh\/productions\/wpcdi\/index.php\/wp-json\/wp\/v2\/types\/page"}],"author":[{"embeddable":true,"href":"https:\/\/pbellevue.libreedu.ovh\/productions\/wpcdi\/index.php\/wp-json\/wp\/v2\/users\/1"}],"replies":[{"embeddable":true,"href":"https:\/\/pbellevue.libreedu.ovh\/productions\/wpcdi\/index.php\/wp-json\/wp\/v2\/comments?post=2686"}],"version-history":[{"count":1,"href":"https:\/\/pbellevue.libreedu.ovh\/productions\/wpcdi\/index.php\/wp-json\/wp\/v2\/pages\/2686\/revisions"}],"predecessor-version":[{"id":2693,"href":"https:\/\/pbellevue.libreedu.ovh\/productions\/wpcdi\/index.php\/wp-json\/wp\/v2\/pages\/2686\/revisions\/2693"}],"wp:attachment":[{"href":"https:\/\/pbellevue.libreedu.ovh\/productions\/wpcdi\/index.php\/wp-json\/wp\/v2\/media?parent=2686"}],"curies":[{"name":"wp","href":"https:\/\/api.w.org\/{rel}","templated":true}]}}

Résidence médiatique dans la cité scolaire

<p> 2 classes de 4ème et 2 classes de 2ndes (2nde4 et 9)  participent au projet FLUX proposé par Média Tarn :</p>



<p>Deux professionnels, <a href="https://alexiaeychenne.com" target="_blank" rel="noreferrer noopener">Alexia Eychenne</a>, journaliste indépendante, membre du collectif «&nbsp;<a href="https://lesincorrigibles.fr">Les incorrigibles</a>&nbsp;» et <a rel="noreferrer noopener" href="https://www.babelio.com/auteur/Lilian-Coquillaud/138646" target="_blank">Lilian Coquillaud</a>,
 dessinateur s’installent pour quelques semaines dans le lycée pour 
exercer leur métier et produire un reportage dessiné sur le territoire 
d’Albi.</p>



<p>La thématique de travail commun aux professionnels et aux élèves : pratiques culturelles des adolescents et parcours citoyen.</p>



<p>Les élèves de 2nde4 et 2nde9 ainsi que 2 classes de 4ème sont invités
 à suivre la démarche et seront eux-mêmes accompagnés par les 
professionnels dans leur production. </p>

<p>2 classes de 4ème et 2 classes de 2ndes (2nde4 et 9) participent au projet FLUX proposé par Média Tarn : Deux professionnels, Alexia Eychenne, journaliste indépendante, membre du collectif «&nbsp;Les incorrigibles&nbsp;» et Lilian Coquillaud, dessinateur s’installent pour quelques semaines dans le lycée pour exercer leur métier et produire un reportage dessiné sur le territoire [&hellip;]</p>
