{"id":917,"date":"2016-09-02T15:52:05","date_gmt":"2016-09-02T14:52:05","guid":{"rendered":"https:\/\/pbellevue.libreedu.ovh\/productions\/wpcdi\/?page_id=917"},"modified":"2017-10-02T10:32:19","modified_gmt":"2017-10-02T09:32:19","slug":"prix-jean-renoir","status":"publish","type":"page","link":"https:\/\/pbellevue.libreedu.ovh\/productions\/wpcdi\/index.php\/prix-jean-renoir\/","title":{"rendered":"Prix Jean Renoir"},"content":{"rendered":"<h4 style=\"text-align: center;\"><em><span class=\"\">\u201cL\u2019art du cin\u00e9ma consiste \u00e0 s\u2019approcher <\/span><\/em><\/h4>\n<h4 style=\"text-align: center;\"><em><span class=\"\">de la v\u00e9rit\u00e9 des hommes\u00a0\u00bb<\/span><\/em><strong><span class=\"\"> <\/span><\/strong><\/h4>\n<h4 style=\"text-align: right;\"><span class=\"\">Jean Renoir<\/span><\/h4>\n<p>Les \u00e9l\u00e8ves de 2nde, inscrits \u00e0 l&rsquo;enseignement d&rsquo;exploration \u00ab\u00a0Litt\u00e9rature &amp; soci\u00e9t\u00e9\u00a0\u00bb, participent, tout au long de l&rsquo;ann\u00e9e, au prix de cin\u00e9ma lyc\u00e9en : le prix Jean Renoir !<\/p>\n<p>Le lyc\u00e9e a la chance de participer pour la deuxi\u00e8me fois \u00e0 ce dispositif original et enthousiasmant !<\/p>\n<p>&nbsp;<\/p>\n<p style=\"text-align: center;\"><a href=\"https:\/\/pbellevue.libreedu.ovh\/productions\/wpcdi\/wp-content\/uploads\/prix-jean-renoir-des-lyceens-2015-205x300.jpg\"><img decoding=\"async\" loading=\"lazy\" src=\"https:\/\/pbellevue.libreedu.ovh\/productions\/wpcdi\/wp-content\/uploads\/prix-jean-renoir-des-lyceens-2015-205x300-205x300.jpg\" alt=\"prix-jean-renoir-des-lyceens-2015-205x300\" class=\"wp-image-963 aligncenter\" width=\"231\" height=\"321\"><\/a><a href=\"http:\/\/eduscol.education.fr\/pjrl\">Le prix Jean Renoir des lyc\u00e9ens 2017-2018<\/a><\/p>\n<p style=\"text-align: center;\">\n","protected":false},"excerpt":{"rendered":"<p>\u201cL\u2019art du cin\u00e9ma consiste \u00e0 s\u2019approcher de la v\u00e9rit\u00e9 des hommes\u00a0\u00bb Jean Renoir Les \u00e9l\u00e8ves de 2nde, inscrits \u00e0 l&rsquo;enseignement d&rsquo;exploration \u00ab\u00a0Litt\u00e9rature &amp; soci\u00e9t\u00e9\u00a0\u00bb, participent, tout au long de l&rsquo;ann\u00e9e, au prix de cin\u00e9ma lyc\u00e9en : le prix Jean Renoir ! Le lyc\u00e9e a la chance de participer pour la deuxi\u00e8me fois \u00e0 ce dispositif [&hellip;]<\/p>\n","protected":false},"author":1,"featured_media":0,"parent":0,"menu_order":0,"comment_status":"closed","ping_status":"closed","template":"","meta":{"ngg_post_thumbnail":0},"blocksy_meta":{"styles_descriptor":{"styles":{"desktop":"","tablet":"","mobile":""},"google_fonts":[],"version":6}},"_links":{"self":[{"href":"https:\/\/pbellevue.libreedu.ovh\/productions\/wpcdi\/index.php\/wp-json\/wp\/v2\/pages\/917"}],"collection":[{"href":"https:\/\/pbellevue.libreedu.ovh\/productions\/wpcdi\/index.php\/wp-json\/wp\/v2\/pages"}],"about":[{"href":"https:\/\/pbellevue.libreedu.ovh\/productions\/wpcdi\/index.php\/wp-json\/wp\/v2\/types\/page"}],"author":[{"embeddable":true,"href":"https:\/\/pbellevue.libreedu.ovh\/productions\/wpcdi\/index.php\/wp-json\/wp\/v2\/users\/1"}],"replies":[{"embeddable":true,"href":"https:\/\/pbellevue.libreedu.ovh\/productions\/wpcdi\/index.php\/wp-json\/wp\/v2\/comments?post=917"}],"version-history":[{"count":12,"href":"https:\/\/pbellevue.libreedu.ovh\/productions\/wpcdi\/index.php\/wp-json\/wp\/v2\/pages\/917\/revisions"}],"predecessor-version":[{"id":1869,"href":"https:\/\/pbellevue.libreedu.ovh\/productions\/wpcdi\/index.php\/wp-json\/wp\/v2\/pages\/917\/revisions\/1869"}],"wp:attachment":[{"href":"https:\/\/pbellevue.libreedu.ovh\/productions\/wpcdi\/index.php\/wp-json\/wp\/v2\/media?parent=917"}],"curies":[{"name":"wp","href":"https:\/\/api.w.org\/{rel}","templated":true}]}}

<h4 style="text-align: center;"><em><span class="">“L’art du cinéma consiste à s’approcher </span></em></h4>
<h4 style="text-align: center;"><em><span class="">de la vérité des hommes »</span></em><strong><span class=""> </span></strong></h4>
<h4 style="text-align: right;"><span class="">Jean Renoir</span></h4>
<p>Les élèves de 2nde, inscrits à l&rsquo;enseignement d&rsquo;exploration « Littérature &amp; société », participent, tout au long de l&rsquo;année, au prix de cinéma lycéen : le prix Jean Renoir !</p>
<p>Le lycée a la chance de participer pour la deuxième fois à ce dispositif original et enthousiasmant !</p>
<p>&nbsp;</p>
<p style="text-align: center;"><a href="https://pbellevue.libreedu.ovh/productions/wpcdi/wp-content/uploads/prix-jean-renoir-des-lyceens-2015-205x300.jpg"><img decoding="async" loading="lazy" src="https://pbellevue.libreedu.ovh/productions/wpcdi/wp-content/uploads/prix-jean-renoir-des-lyceens-2015-205x300-205x300.jpg" alt="prix-jean-renoir-des-lyceens-2015-205x300" class="wp-image-963 aligncenter" width="231" height="321"></a><a href="http://eduscol.education.fr/pjrl">Le prix Jean Renoir des lycéens 2017-2018</a></p>
<p style="text-align: center;">

<p>“L’art du cinéma consiste à s’approcher de la vérité des hommes » Jean Renoir Les élèves de 2nde, inscrits à l&rsquo;enseignement d&rsquo;exploration « Littérature &amp; société », participent, tout au long de l&rsquo;année, au prix de cinéma lycéen : le prix Jean Renoir ! Le lycée a la chance de participer pour la deuxième fois à ce dispositif [&hellip;]</p>
